{"id":281,"date":"2024-07-11T18:16:21","date_gmt":"2024-07-11T18:16:21","guid":{"rendered":"https:\/\/diabetes-companion.de\/?page_id=281"},"modified":"2024-07-11T18:16:21","modified_gmt":"2024-07-11T18:16:21","slug":"homepage-2","status":"publish","type":"page","link":"https:\/\/diabetes-companion.de\/","title":{"rendered":"Homepage"},"content":{"rendered":"<section class=\"gb-block-post-grid featuredpost aligncenter button-more-link\"><h2 class=\"gb-post-grid-section-title\">Featured<\/h2><div class=\"gb-post-grid-items is-grid columns-1\"><article id=\"post-316\" class=\"gb-post-grid-item post-316 post type-post status-publish format-standard has-post-thumbnail category-fitness-diary entry\"><div class=\"gb-block-post-grid-image\"><a href=\"https:\/\/diabetes-companion.de\/?p=316\" rel=\"bookmark\" aria-hidden=\"true\" tabindex=\"-1\"><img loading=\"lazy\" decoding=\"async\" width=\"750\" height=\"420\" src=\"https:\/\/diabetes-companion.de\/wp-content\/uploads\/2024\/12\/ImpingementSyndrom-750x420.jpg\" class=\"attachment-large-featured size-large-featured\" alt=\"\" \/><\/a><\/div><div class=\"gb-block-post-grid-text\"><header class=\"gb-block-post-grid-header\"><h3 class=\"gb-block-post-grid-title\"><a href=\"https:\/\/diabetes-companion.de\/?p=316\" rel=\"bookmark\">Impingement Syndrom schl\u00e4gt zu<\/a><\/h3><div class=\"gb-block-post-grid-byline\"><div class=\"gb-block-post-grid-author\" itemprop=\"author\" itemtype=\"https:\/\/schema.org\/Person\"><a class=\"gb-text-link\" href=\"https:\/\/diabetes-companion.de\/?author=1\" itemprop=\"url\" rel=\"author\"><span itemprop=\"name\">Roland Fieger<\/span><\/a><\/div><time datetime=\"2026-02-16T14:46:00+01:00\" class=\"gb-block-post-grid-date\" itemprop=\"datePublished\">16. Februar 2026<\/time><\/div><\/header><div class=\"gb-block-post-grid-excerpt\"><p>Alles ganz anders &#8211; zum Gl\u00fcck! Update 25.02.2026: Mal wieder beim Orthop\u00e4den gewesen. Der hat per R\u00f6ntgen untersucht und festgestellt: Ja mei &#8211; da fehlt nix. Alles Bestens. Ist halt eine Entz\u00fcndung drin. Bei dem bleib ich jetzt mal. Er hat mir gegen die Entz\u00fcndung Tabletten verschrieben. Damit sollte die Sache dann erledigt sein. Was&hellip;<\/p>\n<p><a class=\"gb-block-post-grid-more-link gb-text-link\" href=\"https:\/\/diabetes-companion.de\/?p=316\" rel=\"bookmark\">Continue Reading <span class=\"screen-reader-text\">Impingement Syndrom schl\u00e4gt zu<\/span><\/a><\/p><\/div><\/div><\/article>\n<\/div><\/section>\n\n<section class=\"gb-block-post-grid featuredpost aligncenter button-more-link\"><h2 class=\"gb-post-grid-section-title\">Spotlight<\/h2><div class=\"gb-post-grid-items is-grid columns-2\"><article id=\"post-544\" class=\"gb-post-grid-item post-544 post type-post status-publish format-standard category-daily-short entry\"><div class=\"gb-block-post-grid-text\"><header class=\"gb-block-post-grid-header\"><h3 class=\"gb-block-post-grid-title\"><a href=\"https:\/\/diabetes-companion.de\/?p=544\" rel=\"bookmark\">Mal bisserl Vollgas<\/a><\/h3><div class=\"gb-block-post-grid-byline\"><div class=\"gb-block-post-grid-author\" itemprop=\"author\" itemtype=\"https:\/\/schema.org\/Person\"><a class=\"gb-text-link\" href=\"https:\/\/diabetes-companion.de\/?author=1\" itemprop=\"url\" rel=\"author\"><span itemprop=\"name\">Roland Fieger<\/span><\/a><\/div><time datetime=\"2025-11-08T15:59:38+01:00\" class=\"gb-block-post-grid-date\" itemprop=\"datePublished\">8. November 2025<\/time><\/div><\/header><div class=\"gb-block-post-grid-excerpt\"><p>Also eigentlich mal wieder keine Lust auf gar nix. Der Blick aus dem Fenster: grau. Der Blick aufs Thermoter: kalt. Der Blick in den K\u00fchlschrank: verf\u00fchrerisch. Der Blick&hellip;<\/p>\n<p><a class=\"gb-block-post-grid-more-link gb-text-link\" href=\"https:\/\/diabetes-companion.de\/?p=544\" rel=\"bookmark\">Continue Reading <span class=\"screen-reader-text\">Mal bisserl Vollgas<\/span><\/a><\/p><\/div><\/div><\/article>\n<article id=\"post-530\" class=\"gb-post-grid-item post-530 post type-post status-publish format-standard category-uncategorized entry\"><div class=\"gb-block-post-grid-text\"><header class=\"gb-block-post-grid-header\"><h3 class=\"gb-block-post-grid-title\"><a href=\"https:\/\/diabetes-companion.de\/?p=530\" rel=\"bookmark\">Prost<\/a><\/h3><div class=\"gb-block-post-grid-byline\"><div class=\"gb-block-post-grid-author\" itemprop=\"author\" itemtype=\"https:\/\/schema.org\/Person\"><a class=\"gb-text-link\" href=\"https:\/\/diabetes-companion.de\/?author=1\" itemprop=\"url\" rel=\"author\"><span itemprop=\"name\">Roland Fieger<\/span><\/a><\/div><time datetime=\"2025-02-04T19:35:45+01:00\" class=\"gb-block-post-grid-date\" itemprop=\"datePublished\">4. Februar 2025<\/time><\/div><\/header><div class=\"gb-block-post-grid-excerpt\"><p>Ein verdammt weites Feld. Gehen wir zun\u00e4chst mal von 2 Litern Wasserbedarf pro Tag aus. Wenn Sie also jeden Tag 2 Liter Leitungswasser in sich hineinsch\u00fctten, ist alles&hellip;<\/p>\n<p><a class=\"gb-block-post-grid-more-link gb-text-link\" href=\"https:\/\/diabetes-companion.de\/?p=530\" rel=\"bookmark\">Continue Reading <span class=\"screen-reader-text\">Prost<\/span><\/a><\/p><\/div><\/div><\/article>\n<\/div><\/section>\n\n<section class=\"gb-block-post-grid featuredpost aligncenter\"><h2 class=\"gb-post-grid-section-title\">Explore<\/h2><div class=\"gb-post-grid-items is-list\"><article id=\"post-384\" class=\"gb-post-grid-item post-384 post type-post status-publish format-standard has-post-thumbnail category-ernaehrung category-training tag-fitnessplan tag-jahreswechsel entry\"><div class=\"gb-block-post-grid-image\"><a href=\"https:\/\/diabetes-companion.de\/?p=384\" rel=\"bookmark\" aria-hidden=\"true\" tabindex=\"-1\"><img loading=\"lazy\" decoding=\"async\" width=\"630\" height=\"350\" src=\"https:\/\/diabetes-companion.de\/wp-content\/uploads\/2025\/01\/feiertags_fressen-630x350.webp\" class=\"attachment-medium-featured size-medium-featured\" alt=\"\" \/><\/a><\/div><div class=\"gb-block-post-grid-text\"><header class=\"gb-block-post-grid-header\"><h4 class=\"gb-block-post-grid-title\"><a href=\"https:\/\/diabetes-companion.de\/?p=384\" rel=\"bookmark\">Kalorien Massaker und Gegenangriff<\/a><\/h4><div class=\"gb-block-post-grid-byline\"><\/div><\/header><div class=\"gb-block-post-grid-excerpt\"><p>Es war ein wahres Massaker. Die Kalorien fanden einfach kein Ende. Mir war nicht klar, was ein Magen so an Menge aufnehmen&hellip;<\/p>\n<p><a class=\"gb-block-post-grid-more-link gb-text-link\" href=\"https:\/\/diabetes-companion.de\/?p=384\" rel=\"bookmark\">Continue Reading <span class=\"screen-reader-text\">Kalorien Massaker und Gegenangriff<\/span><\/a><\/p><\/div><\/div><\/article>\n<article id=\"post-318\" class=\"gb-post-grid-item post-318 post type-post status-publish format-standard has-post-thumbnail category-produktvorstellung entry\"><div class=\"gb-block-post-grid-image\"><a href=\"https:\/\/diabetes-companion.de\/?p=318\" rel=\"bookmark\" aria-hidden=\"true\" tabindex=\"-1\"><img loading=\"lazy\" decoding=\"async\" width=\"630\" height=\"350\" src=\"https:\/\/diabetes-companion.de\/wp-content\/uploads\/2024\/12\/image-1-630x350.png\" class=\"attachment-medium-featured size-medium-featured\" alt=\"\" \/><\/a><\/div><div class=\"gb-block-post-grid-text\"><header class=\"gb-block-post-grid-header\"><h4 class=\"gb-block-post-grid-title\"><a href=\"https:\/\/diabetes-companion.de\/?p=318\" rel=\"bookmark\">TENS und EMS: Hilfe bei Nacken- und Schulterschmerzen?<\/a><\/h4><div class=\"gb-block-post-grid-byline\"><\/div><\/header><div class=\"gb-block-post-grid-excerpt\"><p>Kleiner Stromsto\u00df &#8211; gro\u00dfe Wirkung. TENS Ger\u00e4te sollen bei der Therapie unter anderem von Arthrose-Beschwerden helfen. Bringt das wirklich was? Die Kombination&hellip;<\/p>\n<p><a class=\"gb-block-post-grid-more-link gb-text-link\" href=\"https:\/\/diabetes-companion.de\/?p=318\" rel=\"bookmark\">Continue Reading <span class=\"screen-reader-text\">TENS und EMS: Hilfe bei Nacken- und Schulterschmerzen?<\/span><\/a><\/p><\/div><\/div><\/article>\n<article id=\"post-310\" class=\"gb-post-grid-item post-310 post type-post status-publish format-standard category-ernaehrung entry\"><div class=\"gb-block-post-grid-text\"><header class=\"gb-block-post-grid-header\"><h4 class=\"gb-block-post-grid-title\"><a href=\"https:\/\/diabetes-companion.de\/?p=310\" rel=\"bookmark\">Zuckeralternativen f\u00fcr Diabetiker: S\u00fc\u00df genie\u00dfen ohne Reue<\/a><\/h4><div class=\"gb-block-post-grid-byline\"><\/div><\/header><div class=\"gb-block-post-grid-excerpt\"><p>Wer sagt eigentlich, dass ein Leben mit Diabetes bitter schmecken muss? S\u00fc\u00dfspeisen und Getr\u00e4nke geh\u00f6ren f\u00fcr viele von uns zum Genuss des&hellip;<\/p>\n<p><a class=\"gb-block-post-grid-more-link gb-text-link\" href=\"https:\/\/diabetes-companion.de\/?p=310\" rel=\"bookmark\">Continue Reading <span class=\"screen-reader-text\">Zuckeralternativen f\u00fcr Diabetiker: S\u00fc\u00df genie\u00dfen ohne Reue<\/span><\/a><\/p><\/div><\/div><\/article>\n<\/div><\/section>","protected":false},"excerpt":{"rendered":"","protected":false},"author":1,"featured_media":0,"parent":0,"menu_order":0,"comment_status":"closed","ping_status":"closed","template":"","meta":{"_genesis_hide_title":true,"_genesis_hide_breadcrumbs":true,"_genesis_hide_singular_image":true,"_genesis_hide_footer_widgets":false,"_genesis_custom_body_class":"","_genesis_custom_post_class":"","_genesis_layout":"content-sidebar","footnotes":""},"class_list":{"0":"post-281","1":"page","2":"type-page","3":"status-publish","5":"entry"},"yoast_head":"<!-- This site is optimized with the Yoast SEO plugin v23.8 - https:\/\/yoast.com\/wordpress\/plugins\/seo\/ -->\n<title>Homepage - Diabetes-Companion<\/title>\n<meta name=\"robots\" content=\"index, follow, max-snippet:-1, max-image-preview:large, max-video-preview:-1\" \/>\n<link rel=\"canonical\" href=\"https:\/\/diabetes-companion.de\/\" \/>\n<meta property=\"og:locale\" content=\"de_DE\" \/>\n<meta property=\"og:type\" content=\"article\" \/>\n<meta property=\"og:title\" content=\"Homepage - Diabetes-Companion\" \/>\n<meta property=\"og:url\" content=\"https:\/\/diabetes-companion.de\/\" \/>\n<meta property=\"og:site_name\" content=\"Diabetes-Companion\" \/>\n<meta name=\"twitter:card\" content=\"summary_large_image\" \/>\n<script type=\"application\/ld+json\" class=\"yoast-schema-graph\">{\"@context\":\"https:\/\/schema.org\",\"@graph\":[{\"@type\":\"WebPage\",\"@id\":\"https:\/\/diabetes-companion.de\/\",\"url\":\"https:\/\/diabetes-companion.de\/\",\"name\":\"Homepage - Diabetes-Companion\",\"isPartOf\":{\"@id\":\"https:\/\/diabetes-companion.de\/#website\"},\"datePublished\":\"2024-07-11T18:16:21+00:00\",\"dateModified\":\"2024-07-11T18:16:21+00:00\",\"breadcrumb\":{\"@id\":\"https:\/\/diabetes-companion.de\/#breadcrumb\"},\"inLanguage\":\"de\",\"potentialAction\":[{\"@type\":\"ReadAction\",\"target\":[\"https:\/\/diabetes-companion.de\/\"]}]},{\"@type\":\"BreadcrumbList\",\"@id\":\"https:\/\/diabetes-companion.de\/#breadcrumb\",\"itemListElement\":[{\"@type\":\"ListItem\",\"position\":1,\"name\":\"Startseite\",\"item\":\"https:\/\/diabetes-companion.de\/\"},{\"@type\":\"ListItem\",\"position\":2,\"name\":\"Homepage\"}]},{\"@type\":\"WebSite\",\"@id\":\"https:\/\/diabetes-companion.de\/#website\",\"url\":\"https:\/\/diabetes-companion.de\/\",\"name\":\"Diabetes-Companion\",\"description\":\"... und trotzdem Spass\",\"publisher\":{\"@id\":\"https:\/\/diabetes-companion.de\/#organization\"},\"potentialAction\":[{\"@type\":\"SearchAction\",\"target\":{\"@type\":\"EntryPoint\",\"urlTemplate\":\"https:\/\/diabetes-companion.de\/?s={search_term_string}\"},\"query-input\":{\"@type\":\"PropertyValueSpecification\",\"valueRequired\":true,\"valueName\":\"search_term_string\"}}],\"inLanguage\":\"de\"},{\"@type\":\"Organization\",\"@id\":\"https:\/\/diabetes-companion.de\/#organization\",\"name\":\"Diabetes-Companion\",\"url\":\"https:\/\/diabetes-companion.de\/\",\"logo\":{\"@type\":\"ImageObject\",\"inLanguage\":\"de\",\"@id\":\"https:\/\/diabetes-companion.de\/#\/schema\/logo\/image\/\",\"url\":\"https:\/\/diabetes-companion.de\/wp-content\/uploads\/2024\/12\/cropped-dc_header_banner-1.png\",\"contentUrl\":\"https:\/\/diabetes-companion.de\/wp-content\/uploads\/2024\/12\/cropped-dc_header_banner-1.png\",\"width\":800,\"height\":83,\"caption\":\"Diabetes-Companion\"},\"image\":{\"@id\":\"https:\/\/diabetes-companion.de\/#\/schema\/logo\/image\/\"}}]}<\/script>\n<!-- \/ Yoast SEO plugin. -->","yoast_head_json":{"title":"Homepage - Diabetes-Companion","robots":{"index":"index","follow":"follow","max-snippet":"max-snippet:-1","max-image-preview":"max-image-preview:large","max-video-preview":"max-video-preview:-1"},"canonical":"https:\/\/diabetes-companion.de\/","og_locale":"de_DE","og_type":"article","og_title":"Homepage - Diabetes-Companion","og_url":"https:\/\/diabetes-companion.de\/","og_site_name":"Diabetes-Companion","twitter_card":"summary_large_image","schema":{"@context":"https:\/\/schema.org","@graph":[{"@type":"WebPage","@id":"https:\/\/diabetes-companion.de\/","url":"https:\/\/diabetes-companion.de\/","name":"Homepage - Diabetes-Companion","isPartOf":{"@id":"https:\/\/diabetes-companion.de\/#website"},"datePublished":"2024-07-11T18:16:21+00:00","dateModified":"2024-07-11T18:16:21+00:00","breadcrumb":{"@id":"https:\/\/diabetes-companion.de\/#breadcrumb"},"inLanguage":"de","potentialAction":[{"@type":"ReadAction","target":["https:\/\/diabetes-companion.de\/"]}]},{"@type":"BreadcrumbList","@id":"https:\/\/diabetes-companion.de\/#breadcrumb","itemListElement":[{"@type":"ListItem","position":1,"name":"Startseite","item":"https:\/\/diabetes-companion.de\/"},{"@type":"ListItem","position":2,"name":"Homepage"}]},{"@type":"WebSite","@id":"https:\/\/diabetes-companion.de\/#website","url":"https:\/\/diabetes-companion.de\/","name":"Diabetes-Companion","description":"... und trotzdem Spass","publisher":{"@id":"https:\/\/diabetes-companion.de\/#organization"},"potentialAction":[{"@type":"SearchAction","target":{"@type":"EntryPoint","urlTemplate":"https:\/\/diabetes-companion.de\/?s={search_term_string}"},"query-input":{"@type":"PropertyValueSpecification","valueRequired":true,"valueName":"search_term_string"}}],"inLanguage":"de"},{"@type":"Organization","@id":"https:\/\/diabetes-companion.de\/#organization","name":"Diabetes-Companion","url":"https:\/\/diabetes-companion.de\/","logo":{"@type":"ImageObject","inLanguage":"de","@id":"https:\/\/diabetes-companion.de\/#\/schema\/logo\/image\/","url":"https:\/\/diabetes-companion.de\/wp-content\/uploads\/2024\/12\/cropped-dc_header_banner-1.png","contentUrl":"https:\/\/diabetes-companion.de\/wp-content\/uploads\/2024\/12\/cropped-dc_header_banner-1.png","width":800,"height":83,"caption":"Diabetes-Companion"},"image":{"@id":"https:\/\/diabetes-companion.de\/#\/schema\/logo\/image\/"}}]}},"featured_image_src":null,"featured_image_src_square":null,"_links":{"self":[{"href":"https:\/\/diabetes-companion.de\/index.php?rest_route=\/wp\/v2\/pages\/281","targetHints":{"allow":["GET"]}}],"collection":[{"href":"https:\/\/diabetes-companion.de\/index.php?rest_route=\/wp\/v2\/pages"}],"about":[{"href":"https:\/\/diabetes-companion.de\/index.php?rest_route=\/wp\/v2\/types\/page"}],"author":[{"embeddable":true,"href":"https:\/\/diabetes-companion.de\/index.php?rest_route=\/wp\/v2\/users\/1"}],"replies":[{"embeddable":true,"href":"https:\/\/diabetes-companion.de\/index.php?rest_route=%2Fwp%2Fv2%2Fcomments&post=281"}],"version-history":[{"count":0,"href":"https:\/\/diabetes-companion.de\/index.php?rest_route=\/wp\/v2\/pages\/281\/revisions"}],"wp:attachment":[{"href":"https:\/\/diabetes-companion.de\/index.php?rest_route=%2Fwp%2Fv2%2Fmedia&parent=281"}],"curies":[{"name":"wp","href":"https:\/\/api.w.org\/{rel}","templated":true}]}}