{"id":142,"date":"2024-05-26T12:42:55","date_gmt":"2024-05-26T12:42:55","guid":{"rendered":"https:\/\/diabetes-companion.de\/?page_id=142"},"modified":"2025-02-03T15:41:21","modified_gmt":"2025-02-03T14:41:21","slug":"schlingen","status":"publish","type":"page","link":"https:\/\/diabetes-companion.de\/?page_id=142","title":{"rendered":"Schlingentrainer"},"content":{"rendered":"<p>Haken an die Decke, Schlingen einh\u00e4ngen und los geht\u2019s. Schlingentrainer bringen das Fitnessstudio kosteng\u00fcnstig und effektiv in die eigenen vier W\u00e4nde. Der Haken sollte allerdings schon was aushalten! Hier mal die Vorteile kurz gelistet.<\/p>\n<p>\t\t\t\t\t\t\t\t\t\t\t\t\t\t\t<img loading=\"lazy\" decoding=\"async\" width=\"1024\" height=\"585\" src=\"https:\/\/diabetes-companion.de\/wp-content\/uploads\/2024\/12\/TRX_in_Studio-1024x585.jpg\" alt=\"\" srcset=\"https:\/\/diabetes-companion.de\/wp-content\/uploads\/2024\/12\/TRX_in_Studio-1024x585.jpg 1024w, https:\/\/diabetes-companion.de\/wp-content\/uploads\/2024\/12\/TRX_in_Studio-300x171.jpg 300w, https:\/\/diabetes-companion.de\/wp-content\/uploads\/2024\/12\/TRX_in_Studio-768x439.jpg 768w, https:\/\/diabetes-companion.de\/wp-content\/uploads\/2024\/12\/TRX_in_Studio-1536x878.jpg 1536w, https:\/\/diabetes-companion.de\/wp-content\/uploads\/2024\/12\/TRX_in_Studio.jpg 1792w\" sizes=\"auto, (max-width: 1024px) 100vw, 1024px\" \/>\t\t\t\t\t\t\t\t\t\t\t\t\t\t\t<\/p>\n<h2>Ganzk\u00f6rpertraining<\/h2>\n<p>Die \u00dcbungen beanspruchen mehrere Muskelgruppen gleichzeitig, da die \u00dcbungen in der Regel komplexe Bewegungen sind, die Rumpf-, Arm-, R\u00fccken-, Bein- und Schulterpartien kombinieren.<\/p>\n<h2>Verbesserung der Core-Stabilit\u00e4t<\/h2>\n<p>Jede Bewegung im TRX fordert die Core-Muskulatur (Bauch- und R\u00fcckenmuskeln) besonders, da der K\u00f6rper st\u00e4ndig die Balance halten muss. Eine starke Core-Stabilit\u00e4t unterst\u00fctzt die Haltung und beugt R\u00fcckenbeschwerden vor.<\/p>\n<h2>Anpassungsf\u00e4higkeit f\u00fcr alle Fitnesslevel<\/h2>\n<p>Der Widerstand wird durch die K\u00f6rperposition gesteuert, sodass \u00dcbungen leichter oder schwerer gemacht werden k\u00f6nnen. Sowohl Anf\u00e4nger als auch Profis k\u00f6nnen TRX-Training nutzen.<\/p>\n<h2>F\u00f6rderung von Balance und Koordination<\/h2>\n<p>Durch die instabile Unterlage m\u00fcssen Balance und Koordination w\u00e4hrend der \u00dcbungen st\u00e4ndig aktiviert werden. Dies verbessert die Propriozeption (Wahrnehmung der K\u00f6rperposition im Raum).<\/p>\n<h2>Verbesserung der Flexibilit\u00e4t und Beweglichkeit<\/h2>\n<p>Viele TRX-\u00dcbungen f\u00f6rdern gleichzeitig Kraft und Dehnung, was zu einer besseren Beweglichkeit f\u00fchrt. TRX ist auch ideal f\u00fcr dynamisches Stretching.<\/p>\n<h2>Gelenkschonend<\/h2>\n<p>TRX-\u00dcbungen verwenden das eigene K\u00f6rpergewicht, was die Belastung f\u00fcr Gelenke reduziert. Ideal f\u00fcr Menschen mit Gelenkproblemen oder als Rehabilitationsmethode.<\/p>\n<h2>Effektives Zeitmanagement<\/h2>\n<p>Da mehrere Muskelgruppen gleichzeitig trainiert werden, ist TRX zeiteffizient. Perfekt f\u00fcr ein schnelles und effektives Ganzk\u00f6rpertraining.<\/p>\n<h2>Vielseitigkeit<\/h2>\n<p>TRX-B\u00e4nder k\u00f6nnen fast \u00fcberall eingesetzt werden \u2013 im Fitnessstudio, zu Hause, im Park oder sogar unterwegs. \u00dcbungen k\u00f6nnen individuell auf spezifische Ziele wie Muskelaufbau, Fettverbrennung oder Rehabilitation angepasst werden.<\/p>\n<h2>Verbesserung der Herz-Kreislauf-Gesundheit<\/h2>\n<p>TRX-Workouts k\u00f6nnen als High-Intensity-Training (HIIT) gestaltet werden, was die Herzfrequenz erh\u00f6ht und die kardiovaskul\u00e4re Fitness verbessert.<\/p>\n<h2>Erschwinglich und platzsparend<\/h2>\n<p>TRX-B\u00e4nder sind relativ preiswert und nehmen kaum Platz ein. Sie sind eine ideale Erg\u00e4nzung f\u00fcr das Home-Gym<\/p>\n<h2>Fazit<\/h2>\n<p>Schlingentraining ist eine effektive Methode, die Kraft, Balance, Flexibilit\u00e4t und Herz-Kreislauf-Fitness in einem einzigen Training kombiniert. Es ist ideal f\u00fcr Menschen aller Fitnesslevels und bietet vielseitige Einsatzm\u00f6glichkeiten.<\/p>\n","protected":false},"excerpt":{"rendered":"<p>Haken an die Decke, Schlingen einh\u00e4ngen und los geht\u2019s. Schlingentrainer bringen das Fitnessstudio kosteng\u00fcnstig und effektiv in die eigenen vier W\u00e4nde. Der Haken sollte allerdings schon was aushalten! Hier mal die Vorteile kurz gelistet. Ganzk\u00f6rpertraining Die \u00dcbungen beanspruchen mehrere Muskelgruppen gleichzeitig, da die \u00dcbungen in der Regel komplexe Bewegungen sind, die Rumpf-, Arm-, R\u00fccken-, Bein- [&hellip;]<\/p>\n","protected":false},"author":1,"featured_media":0,"parent":0,"menu_order":0,"comment_status":"closed","ping_status":"closed","template":"","meta":{"_genesis_hide_title":false,"_genesis_hide_breadcrumbs":false,"_genesis_hide_singular_image":false,"_genesis_hide_footer_widgets":false,"_genesis_custom_body_class":"","_genesis_custom_post_class":"","_genesis_layout":"","footnotes":""},"class_list":{"0":"post-142","1":"page","2":"type-page","3":"status-publish","5":"entry"},"yoast_head":"<!-- This site is optimized with the Yoast SEO plugin v23.8 - https:\/\/yoast.com\/wordpress\/plugins\/seo\/ -->\n<title>Schlingentrainer - Diabetes-Companion<\/title>\n<meta name=\"robots\" content=\"index, follow, max-snippet:-1, max-image-preview:large, max-video-preview:-1\" \/>\n<link rel=\"canonical\" href=\"https:\/\/diabetes-companion.de\/?page_id=142\" \/>\n<meta property=\"og:locale\" content=\"de_DE\" \/>\n<meta property=\"og:type\" content=\"article\" \/>\n<meta property=\"og:title\" content=\"Schlingentrainer - Diabetes-Companion\" \/>\n<meta property=\"og:description\" content=\"Haken an die Decke, Schlingen einh\u00e4ngen und los geht\u2019s. Schlingentrainer bringen das Fitnessstudio kosteng\u00fcnstig und effektiv in die eigenen vier W\u00e4nde. Der Haken sollte allerdings schon was aushalten! Hier mal die Vorteile kurz gelistet. Ganzk\u00f6rpertraining Die \u00dcbungen beanspruchen mehrere Muskelgruppen gleichzeitig, da die \u00dcbungen in der Regel komplexe Bewegungen sind, die Rumpf-, Arm-, R\u00fccken-, Bein- [&hellip;]\" \/>\n<meta property=\"og:url\" content=\"https:\/\/diabetes-companion.de\/?page_id=142\" \/>\n<meta property=\"og:site_name\" content=\"Diabetes-Companion\" \/>\n<meta property=\"article:modified_time\" content=\"2025-02-03T14:41:21+00:00\" \/>\n<meta property=\"og:image\" content=\"https:\/\/diabetes-companion.de\/wp-content\/uploads\/2024\/12\/TRX_in_Studio.jpg\" \/>\n\t<meta property=\"og:image:width\" content=\"1792\" \/>\n\t<meta property=\"og:image:height\" content=\"1024\" \/>\n\t<meta property=\"og:image:type\" content=\"image\/jpeg\" \/>\n<meta name=\"twitter:card\" content=\"summary_large_image\" \/>\n<meta name=\"twitter:label1\" content=\"Gesch\u00e4tzte Lesezeit\" \/>\n\t<meta name=\"twitter:data1\" content=\"2\u00a0Minuten\" \/>\n<script type=\"application\/ld+json\" class=\"yoast-schema-graph\">{\"@context\":\"https:\/\/schema.org\",\"@graph\":[{\"@type\":\"WebPage\",\"@id\":\"https:\/\/diabetes-companion.de\/?page_id=142\",\"url\":\"https:\/\/diabetes-companion.de\/?page_id=142\",\"name\":\"Schlingentrainer - Diabetes-Companion\",\"isPartOf\":{\"@id\":\"https:\/\/diabetes-companion.de\/#website\"},\"primaryImageOfPage\":{\"@id\":\"https:\/\/diabetes-companion.de\/?page_id=142#primaryimage\"},\"image\":{\"@id\":\"https:\/\/diabetes-companion.de\/?page_id=142#primaryimage\"},\"thumbnailUrl\":\"https:\/\/diabetes-companion.de\/wp-content\/uploads\/2024\/12\/TRX_in_Studio-1024x585.jpg\",\"datePublished\":\"2024-05-26T12:42:55+00:00\",\"dateModified\":\"2025-02-03T14:41:21+00:00\",\"breadcrumb\":{\"@id\":\"https:\/\/diabetes-companion.de\/?page_id=142#breadcrumb\"},\"inLanguage\":\"de\",\"potentialAction\":[{\"@type\":\"ReadAction\",\"target\":[\"https:\/\/diabetes-companion.de\/?page_id=142\"]}]},{\"@type\":\"ImageObject\",\"inLanguage\":\"de\",\"@id\":\"https:\/\/diabetes-companion.de\/?page_id=142#primaryimage\",\"url\":\"https:\/\/diabetes-companion.de\/wp-content\/uploads\/2024\/12\/TRX_in_Studio.jpg\",\"contentUrl\":\"https:\/\/diabetes-companion.de\/wp-content\/uploads\/2024\/12\/TRX_in_Studio.jpg\",\"width\":1792,\"height\":1024},{\"@type\":\"BreadcrumbList\",\"@id\":\"https:\/\/diabetes-companion.de\/?page_id=142#breadcrumb\",\"itemListElement\":[{\"@type\":\"ListItem\",\"position\":1,\"name\":\"Startseite\",\"item\":\"https:\/\/diabetes-companion.de\/\"},{\"@type\":\"ListItem\",\"position\":2,\"name\":\"Schlingentrainer\"}]},{\"@type\":\"WebSite\",\"@id\":\"https:\/\/diabetes-companion.de\/#website\",\"url\":\"https:\/\/diabetes-companion.de\/\",\"name\":\"Diabetes-Companion\",\"description\":\"... und trotzdem Spass\",\"publisher\":{\"@id\":\"https:\/\/diabetes-companion.de\/#organization\"},\"potentialAction\":[{\"@type\":\"SearchAction\",\"target\":{\"@type\":\"EntryPoint\",\"urlTemplate\":\"https:\/\/diabetes-companion.de\/?s={search_term_string}\"},\"query-input\":{\"@type\":\"PropertyValueSpecification\",\"valueRequired\":true,\"valueName\":\"search_term_string\"}}],\"inLanguage\":\"de\"},{\"@type\":\"Organization\",\"@id\":\"https:\/\/diabetes-companion.de\/#organization\",\"name\":\"Diabetes-Companion\",\"url\":\"https:\/\/diabetes-companion.de\/\",\"logo\":{\"@type\":\"ImageObject\",\"inLanguage\":\"de\",\"@id\":\"https:\/\/diabetes-companion.de\/#\/schema\/logo\/image\/\",\"url\":\"https:\/\/diabetes-companion.de\/wp-content\/uploads\/2024\/12\/cropped-dc_header_banner-1.png\",\"contentUrl\":\"https:\/\/diabetes-companion.de\/wp-content\/uploads\/2024\/12\/cropped-dc_header_banner-1.png\",\"width\":800,\"height\":83,\"caption\":\"Diabetes-Companion\"},\"image\":{\"@id\":\"https:\/\/diabetes-companion.de\/#\/schema\/logo\/image\/\"}}]}<\/script>\n<!-- \/ Yoast SEO plugin. -->","yoast_head_json":{"title":"Schlingentrainer - Diabetes-Companion","robots":{"index":"index","follow":"follow","max-snippet":"max-snippet:-1","max-image-preview":"max-image-preview:large","max-video-preview":"max-video-preview:-1"},"canonical":"https:\/\/diabetes-companion.de\/?page_id=142","og_locale":"de_DE","og_type":"article","og_title":"Schlingentrainer - Diabetes-Companion","og_description":"Haken an die Decke, Schlingen einh\u00e4ngen und los geht\u2019s. Schlingentrainer bringen das Fitnessstudio kosteng\u00fcnstig und effektiv in die eigenen vier W\u00e4nde. Der Haken sollte allerdings schon was aushalten! Hier mal die Vorteile kurz gelistet. Ganzk\u00f6rpertraining Die \u00dcbungen beanspruchen mehrere Muskelgruppen gleichzeitig, da die \u00dcbungen in der Regel komplexe Bewegungen sind, die Rumpf-, Arm-, R\u00fccken-, Bein- [&hellip;]","og_url":"https:\/\/diabetes-companion.de\/?page_id=142","og_site_name":"Diabetes-Companion","article_modified_time":"2025-02-03T14:41:21+00:00","og_image":[{"width":1792,"height":1024,"url":"https:\/\/diabetes-companion.de\/wp-content\/uploads\/2024\/12\/TRX_in_Studio.jpg","type":"image\/jpeg"}],"twitter_card":"summary_large_image","twitter_misc":{"Gesch\u00e4tzte Lesezeit":"2\u00a0Minuten"},"schema":{"@context":"https:\/\/schema.org","@graph":[{"@type":"WebPage","@id":"https:\/\/diabetes-companion.de\/?page_id=142","url":"https:\/\/diabetes-companion.de\/?page_id=142","name":"Schlingentrainer - Diabetes-Companion","isPartOf":{"@id":"https:\/\/diabetes-companion.de\/#website"},"primaryImageOfPage":{"@id":"https:\/\/diabetes-companion.de\/?page_id=142#primaryimage"},"image":{"@id":"https:\/\/diabetes-companion.de\/?page_id=142#primaryimage"},"thumbnailUrl":"https:\/\/diabetes-companion.de\/wp-content\/uploads\/2024\/12\/TRX_in_Studio-1024x585.jpg","datePublished":"2024-05-26T12:42:55+00:00","dateModified":"2025-02-03T14:41:21+00:00","breadcrumb":{"@id":"https:\/\/diabetes-companion.de\/?page_id=142#breadcrumb"},"inLanguage":"de","potentialAction":[{"@type":"ReadAction","target":["https:\/\/diabetes-companion.de\/?page_id=142"]}]},{"@type":"ImageObject","inLanguage":"de","@id":"https:\/\/diabetes-companion.de\/?page_id=142#primaryimage","url":"https:\/\/diabetes-companion.de\/wp-content\/uploads\/2024\/12\/TRX_in_Studio.jpg","contentUrl":"https:\/\/diabetes-companion.de\/wp-content\/uploads\/2024\/12\/TRX_in_Studio.jpg","width":1792,"height":1024},{"@type":"BreadcrumbList","@id":"https:\/\/diabetes-companion.de\/?page_id=142#breadcrumb","itemListElement":[{"@type":"ListItem","position":1,"name":"Startseite","item":"https:\/\/diabetes-companion.de\/"},{"@type":"ListItem","position":2,"name":"Schlingentrainer"}]},{"@type":"WebSite","@id":"https:\/\/diabetes-companion.de\/#website","url":"https:\/\/diabetes-companion.de\/","name":"Diabetes-Companion","description":"... und trotzdem Spass","publisher":{"@id":"https:\/\/diabetes-companion.de\/#organization"},"potentialAction":[{"@type":"SearchAction","target":{"@type":"EntryPoint","urlTemplate":"https:\/\/diabetes-companion.de\/?s={search_term_string}"},"query-input":{"@type":"PropertyValueSpecification","valueRequired":true,"valueName":"search_term_string"}}],"inLanguage":"de"},{"@type":"Organization","@id":"https:\/\/diabetes-companion.de\/#organization","name":"Diabetes-Companion","url":"https:\/\/diabetes-companion.de\/","logo":{"@type":"ImageObject","inLanguage":"de","@id":"https:\/\/diabetes-companion.de\/#\/schema\/logo\/image\/","url":"https:\/\/diabetes-companion.de\/wp-content\/uploads\/2024\/12\/cropped-dc_header_banner-1.png","contentUrl":"https:\/\/diabetes-companion.de\/wp-content\/uploads\/2024\/12\/cropped-dc_header_banner-1.png","width":800,"height":83,"caption":"Diabetes-Companion"},"image":{"@id":"https:\/\/diabetes-companion.de\/#\/schema\/logo\/image\/"}}]}},"featured_image_src":null,"featured_image_src_square":null,"_links":{"self":[{"href":"https:\/\/diabetes-companion.de\/index.php?rest_route=\/wp\/v2\/pages\/142","targetHints":{"allow":["GET"]}}],"collection":[{"href":"https:\/\/diabetes-companion.de\/index.php?rest_route=\/wp\/v2\/pages"}],"about":[{"href":"https:\/\/diabetes-companion.de\/index.php?rest_route=\/wp\/v2\/types\/page"}],"author":[{"embeddable":true,"href":"https:\/\/diabetes-companion.de\/index.php?rest_route=\/wp\/v2\/users\/1"}],"replies":[{"embeddable":true,"href":"https:\/\/diabetes-companion.de\/index.php?rest_route=%2Fwp%2Fv2%2Fcomments&post=142"}],"version-history":[{"count":0,"href":"https:\/\/diabetes-companion.de\/index.php?rest_route=\/wp\/v2\/pages\/142\/revisions"}],"wp:attachment":[{"href":"https:\/\/diabetes-companion.de\/index.php?rest_route=%2Fwp%2Fv2%2Fmedia&parent=142"}],"curies":[{"name":"wp","href":"https:\/\/api.w.org\/{rel}","templated":true}]}}