{"id":128,"date":"2024-05-26T12:08:47","date_gmt":"2024-05-26T12:08:47","guid":{"rendered":"https:\/\/diabetes-companion.de\/?page_id=128"},"modified":"2025-01-05T12:32:03","modified_gmt":"2025-01-05T11:32:03","slug":"meine-raeder","status":"publish","type":"page","link":"https:\/\/diabetes-companion.de\/?page_id=128","title":{"rendered":"Meine R\u00e4der"},"content":{"rendered":"<img loading=\"lazy\" decoding=\"async\" width=\"1024\" height=\"585\" src=\"https:\/\/diabetes-companion.de\/wp-content\/uploads\/2025\/01\/bikesAI-1024x585.webp\" alt=\"\" srcset=\"https:\/\/diabetes-companion.de\/wp-content\/uploads\/2025\/01\/bikesAI-1024x585.webp 1024w, https:\/\/diabetes-companion.de\/wp-content\/uploads\/2025\/01\/bikesAI-300x171.webp 300w, https:\/\/diabetes-companion.de\/wp-content\/uploads\/2025\/01\/bikesAI-768x439.webp 768w, https:\/\/diabetes-companion.de\/wp-content\/uploads\/2025\/01\/bikesAI-1536x878.webp 1536w, https:\/\/diabetes-companion.de\/wp-content\/uploads\/2025\/01\/bikesAI.webp 1792w\" sizes=\"auto, (max-width: 1024px) 100vw, 1024px\" \/>\t\t\t\t\t\t\t\t\t\t\t\t\t\t\t\n\t\t<h2>Trekking-Bike<\/h2>\nDas Rad f\u00fcr alle F\u00e4lle. Wenn es nicht ganz so sportlich, etwas abseits befestigter Wege oder nur mal in die Stadt gehen soll. Dann ist das Trekking-Bike die erste Wahl. Das Rad ist vor allem bei morgendlichen Ausritten im Einsatz. Die f\u00fchren in der Regel den Lech entlang auf unbefestigten Wegen.\n<p><!-- \/wp:heading --><!-- wp:paragraph --><\/p>\n<p><!-- \/wp:paragraph --><!-- wp:heading --><\/p>\n<h2>Gravel-Bike<\/h2>\n<p>Ganz anders das Gravel-Bike. Das Ger\u00e4t ist in erster Linie auf Geschwindigkeit ausgerichtet. H\u00fcgel sind damit ebenfalls kein Problem. L\u00e4ngere Touren am Wochenende, noch dazu die mit rein sportlichem Charakter &#8211; das ist genau das Metier des Gravel-Bikes. Wenn es dann auch noch \u00fcber Nacht zu Bekannten geht oder doch mal ein Einkauf von N\u00f6ten ist: das Fully hat die passenden Halterungen f\u00fcr Fahrradtaschen. So kann man jederzeit auch mal ein weingi Bike-Packing betreiben.<\/p>\n<p><!-- \/wp:heading --><\/p>","protected":false},"excerpt":{"rendered":"<p>Trekking-Bike Das Rad f\u00fcr alle F\u00e4lle. Wenn es nicht ganz so sportlich, etwas abseits befestigter Wege oder nur mal in die Stadt gehen soll. Dann ist das Trekking-Bike die erste Wahl. Das Rad ist vor allem bei morgendlichen Ausritten im Einsatz. Die f\u00fchren in der Regel den Lech entlang auf unbefestigten Wegen. Gravel-Bike Ganz anders [&hellip;]<\/p>\n","protected":false},"author":1,"featured_media":0,"parent":0,"menu_order":0,"comment_status":"closed","ping_status":"closed","template":"","meta":{"_genesis_hide_title":false,"_genesis_hide_breadcrumbs":false,"_genesis_hide_singular_image":false,"_genesis_hide_footer_widgets":false,"_genesis_custom_body_class":"","_genesis_custom_post_class":"","_genesis_layout":"","footnotes":""},"class_list":{"0":"post-128","1":"page","2":"type-page","3":"status-publish","5":"entry"},"yoast_head":"<!-- This site is optimized with the Yoast SEO plugin v23.8 - https:\/\/yoast.com\/wordpress\/plugins\/seo\/ -->\n<title>Meine R\u00e4der - Diabetes-Companion<\/title>\n<meta name=\"robots\" content=\"index, follow, max-snippet:-1, max-image-preview:large, max-video-preview:-1\" \/>\n<link rel=\"canonical\" href=\"https:\/\/diabetes-companion.de\/?page_id=128\" \/>\n<meta property=\"og:locale\" content=\"de_DE\" \/>\n<meta property=\"og:type\" content=\"article\" \/>\n<meta property=\"og:title\" content=\"Meine R\u00e4der - Diabetes-Companion\" \/>\n<meta property=\"og:description\" content=\"Trekking-Bike Das Rad f\u00fcr alle F\u00e4lle. Wenn es nicht ganz so sportlich, etwas abseits befestigter Wege oder nur mal in die Stadt gehen soll. Dann ist das Trekking-Bike die erste Wahl. Das Rad ist vor allem bei morgendlichen Ausritten im Einsatz. Die f\u00fchren in der Regel den Lech entlang auf unbefestigten Wegen. Gravel-Bike Ganz anders [&hellip;]\" \/>\n<meta property=\"og:url\" content=\"https:\/\/diabetes-companion.de\/?page_id=128\" \/>\n<meta property=\"og:site_name\" content=\"Diabetes-Companion\" \/>\n<meta property=\"article:modified_time\" content=\"2025-01-05T11:32:03+00:00\" \/>\n<meta property=\"og:image\" content=\"https:\/\/diabetes-companion.de\/wp-content\/uploads\/2025\/01\/bikesAI.webp\" \/>\n\t<meta property=\"og:image:width\" content=\"1792\" \/>\n\t<meta property=\"og:image:height\" content=\"1024\" \/>\n\t<meta property=\"og:image:type\" content=\"image\/webp\" \/>\n<meta name=\"twitter:card\" content=\"summary_large_image\" \/>\n<meta name=\"twitter:label1\" content=\"Gesch\u00e4tzte Lesezeit\" \/>\n\t<meta name=\"twitter:data1\" content=\"1\u00a0Minute\" \/>\n<script type=\"application\/ld+json\" class=\"yoast-schema-graph\">{\"@context\":\"https:\/\/schema.org\",\"@graph\":[{\"@type\":\"WebPage\",\"@id\":\"https:\/\/diabetes-companion.de\/?page_id=128\",\"url\":\"https:\/\/diabetes-companion.de\/?page_id=128\",\"name\":\"Meine R\u00e4der - Diabetes-Companion\",\"isPartOf\":{\"@id\":\"https:\/\/diabetes-companion.de\/#website\"},\"primaryImageOfPage\":{\"@id\":\"https:\/\/diabetes-companion.de\/?page_id=128#primaryimage\"},\"image\":{\"@id\":\"https:\/\/diabetes-companion.de\/?page_id=128#primaryimage\"},\"thumbnailUrl\":\"https:\/\/diabetes-companion.de\/wp-content\/uploads\/2025\/01\/bikesAI-1024x585.webp\",\"datePublished\":\"2024-05-26T12:08:47+00:00\",\"dateModified\":\"2025-01-05T11:32:03+00:00\",\"breadcrumb\":{\"@id\":\"https:\/\/diabetes-companion.de\/?page_id=128#breadcrumb\"},\"inLanguage\":\"de\",\"potentialAction\":[{\"@type\":\"ReadAction\",\"target\":[\"https:\/\/diabetes-companion.de\/?page_id=128\"]}]},{\"@type\":\"ImageObject\",\"inLanguage\":\"de\",\"@id\":\"https:\/\/diabetes-companion.de\/?page_id=128#primaryimage\",\"url\":\"https:\/\/diabetes-companion.de\/wp-content\/uploads\/2025\/01\/bikesAI.webp\",\"contentUrl\":\"https:\/\/diabetes-companion.de\/wp-content\/uploads\/2025\/01\/bikesAI.webp\",\"width\":1792,\"height\":1024},{\"@type\":\"BreadcrumbList\",\"@id\":\"https:\/\/diabetes-companion.de\/?page_id=128#breadcrumb\",\"itemListElement\":[{\"@type\":\"ListItem\",\"position\":1,\"name\":\"Startseite\",\"item\":\"https:\/\/diabetes-companion.de\/\"},{\"@type\":\"ListItem\",\"position\":2,\"name\":\"Meine R\u00e4der\"}]},{\"@type\":\"WebSite\",\"@id\":\"https:\/\/diabetes-companion.de\/#website\",\"url\":\"https:\/\/diabetes-companion.de\/\",\"name\":\"Diabetes-Companion\",\"description\":\"... und trotzdem Spass\",\"publisher\":{\"@id\":\"https:\/\/diabetes-companion.de\/#organization\"},\"potentialAction\":[{\"@type\":\"SearchAction\",\"target\":{\"@type\":\"EntryPoint\",\"urlTemplate\":\"https:\/\/diabetes-companion.de\/?s={search_term_string}\"},\"query-input\":{\"@type\":\"PropertyValueSpecification\",\"valueRequired\":true,\"valueName\":\"search_term_string\"}}],\"inLanguage\":\"de\"},{\"@type\":\"Organization\",\"@id\":\"https:\/\/diabetes-companion.de\/#organization\",\"name\":\"Diabetes-Companion\",\"url\":\"https:\/\/diabetes-companion.de\/\",\"logo\":{\"@type\":\"ImageObject\",\"inLanguage\":\"de\",\"@id\":\"https:\/\/diabetes-companion.de\/#\/schema\/logo\/image\/\",\"url\":\"https:\/\/diabetes-companion.de\/wp-content\/uploads\/2024\/12\/cropped-dc_header_banner-1.png\",\"contentUrl\":\"https:\/\/diabetes-companion.de\/wp-content\/uploads\/2024\/12\/cropped-dc_header_banner-1.png\",\"width\":800,\"height\":83,\"caption\":\"Diabetes-Companion\"},\"image\":{\"@id\":\"https:\/\/diabetes-companion.de\/#\/schema\/logo\/image\/\"}}]}<\/script>\n<!-- \/ Yoast SEO plugin. -->","yoast_head_json":{"title":"Meine R\u00e4der - Diabetes-Companion","robots":{"index":"index","follow":"follow","max-snippet":"max-snippet:-1","max-image-preview":"max-image-preview:large","max-video-preview":"max-video-preview:-1"},"canonical":"https:\/\/diabetes-companion.de\/?page_id=128","og_locale":"de_DE","og_type":"article","og_title":"Meine R\u00e4der - Diabetes-Companion","og_description":"Trekking-Bike Das Rad f\u00fcr alle F\u00e4lle. Wenn es nicht ganz so sportlich, etwas abseits befestigter Wege oder nur mal in die Stadt gehen soll. Dann ist das Trekking-Bike die erste Wahl. Das Rad ist vor allem bei morgendlichen Ausritten im Einsatz. Die f\u00fchren in der Regel den Lech entlang auf unbefestigten Wegen. Gravel-Bike Ganz anders [&hellip;]","og_url":"https:\/\/diabetes-companion.de\/?page_id=128","og_site_name":"Diabetes-Companion","article_modified_time":"2025-01-05T11:32:03+00:00","og_image":[{"width":1792,"height":1024,"url":"https:\/\/diabetes-companion.de\/wp-content\/uploads\/2025\/01\/bikesAI.webp","type":"image\/webp"}],"twitter_card":"summary_large_image","twitter_misc":{"Gesch\u00e4tzte Lesezeit":"1\u00a0Minute"},"schema":{"@context":"https:\/\/schema.org","@graph":[{"@type":"WebPage","@id":"https:\/\/diabetes-companion.de\/?page_id=128","url":"https:\/\/diabetes-companion.de\/?page_id=128","name":"Meine R\u00e4der - Diabetes-Companion","isPartOf":{"@id":"https:\/\/diabetes-companion.de\/#website"},"primaryImageOfPage":{"@id":"https:\/\/diabetes-companion.de\/?page_id=128#primaryimage"},"image":{"@id":"https:\/\/diabetes-companion.de\/?page_id=128#primaryimage"},"thumbnailUrl":"https:\/\/diabetes-companion.de\/wp-content\/uploads\/2025\/01\/bikesAI-1024x585.webp","datePublished":"2024-05-26T12:08:47+00:00","dateModified":"2025-01-05T11:32:03+00:00","breadcrumb":{"@id":"https:\/\/diabetes-companion.de\/?page_id=128#breadcrumb"},"inLanguage":"de","potentialAction":[{"@type":"ReadAction","target":["https:\/\/diabetes-companion.de\/?page_id=128"]}]},{"@type":"ImageObject","inLanguage":"de","@id":"https:\/\/diabetes-companion.de\/?page_id=128#primaryimage","url":"https:\/\/diabetes-companion.de\/wp-content\/uploads\/2025\/01\/bikesAI.webp","contentUrl":"https:\/\/diabetes-companion.de\/wp-content\/uploads\/2025\/01\/bikesAI.webp","width":1792,"height":1024},{"@type":"BreadcrumbList","@id":"https:\/\/diabetes-companion.de\/?page_id=128#breadcrumb","itemListElement":[{"@type":"ListItem","position":1,"name":"Startseite","item":"https:\/\/diabetes-companion.de\/"},{"@type":"ListItem","position":2,"name":"Meine R\u00e4der"}]},{"@type":"WebSite","@id":"https:\/\/diabetes-companion.de\/#website","url":"https:\/\/diabetes-companion.de\/","name":"Diabetes-Companion","description":"... und trotzdem Spass","publisher":{"@id":"https:\/\/diabetes-companion.de\/#organization"},"potentialAction":[{"@type":"SearchAction","target":{"@type":"EntryPoint","urlTemplate":"https:\/\/diabetes-companion.de\/?s={search_term_string}"},"query-input":{"@type":"PropertyValueSpecification","valueRequired":true,"valueName":"search_term_string"}}],"inLanguage":"de"},{"@type":"Organization","@id":"https:\/\/diabetes-companion.de\/#organization","name":"Diabetes-Companion","url":"https:\/\/diabetes-companion.de\/","logo":{"@type":"ImageObject","inLanguage":"de","@id":"https:\/\/diabetes-companion.de\/#\/schema\/logo\/image\/","url":"https:\/\/diabetes-companion.de\/wp-content\/uploads\/2024\/12\/cropped-dc_header_banner-1.png","contentUrl":"https:\/\/diabetes-companion.de\/wp-content\/uploads\/2024\/12\/cropped-dc_header_banner-1.png","width":800,"height":83,"caption":"Diabetes-Companion"},"image":{"@id":"https:\/\/diabetes-companion.de\/#\/schema\/logo\/image\/"}}]}},"featured_image_src":null,"featured_image_src_square":null,"_links":{"self":[{"href":"https:\/\/diabetes-companion.de\/index.php?rest_route=\/wp\/v2\/pages\/128","targetHints":{"allow":["GET"]}}],"collection":[{"href":"https:\/\/diabetes-companion.de\/index.php?rest_route=\/wp\/v2\/pages"}],"about":[{"href":"https:\/\/diabetes-companion.de\/index.php?rest_route=\/wp\/v2\/types\/page"}],"author":[{"embeddable":true,"href":"https:\/\/diabetes-companion.de\/index.php?rest_route=\/wp\/v2\/users\/1"}],"replies":[{"embeddable":true,"href":"https:\/\/diabetes-companion.de\/index.php?rest_route=%2Fwp%2Fv2%2Fcomments&post=128"}],"version-history":[{"count":0,"href":"https:\/\/diabetes-companion.de\/index.php?rest_route=\/wp\/v2\/pages\/128\/revisions"}],"wp:attachment":[{"href":"https:\/\/diabetes-companion.de\/index.php?rest_route=%2Fwp%2Fv2%2Fmedia&parent=128"}],"curies":[{"name":"wp","href":"https:\/\/api.w.org\/{rel}","templated":true}]}}